0
Let a(h) = 2*h - 50. Let j be a(0). Let r = 46 + j. Let p(x) = x + 2. What is p(r)?
-2
Let w(r) = 6 + 5*r**2 - 2*r - r**3 + 1 - 4*r. Let p(b) = -b**3 + 5*b**2 - 5*b + 6. Let m(n) = -4*p(n) + 3*w(n). Suppose -8*v + 13*v - 20 = -0*v. Give m(v).
-11
Let a(s) be the second derivative of -s**6/360 + s**5/120 + 7*s**4/24 + 2*s**3 + 11*s. Let v(u) be the second derivative of a(u). Determine v(0).
7
Let g(a) be the second derivative of 5*a**3/2 + a**2/2 + a + 7. What is g(1)?
16
Let k = 17 - 28. Let v = -18 - k. Let g(r) = -7 + r**2 - 28*r**2 + 11*r**2 + 10*r**2 - r**3 + 6*r. Calculate g(v).
0
Let h(s) = 2*s - 5. Let l be h(2). Let v(a) = a. Let x(m) be the first derivative of -m**2/2 + 2. Let y(g) = 3*v(g) + 4*x(g). Determine y(l).
1
Let g(y) = y - 2. Suppose 2*j + 3*j - 33 = x, 5*x + 15 = 0. Let w be g(j). Let h(k) = -1 + 2 + w - k. Give h(6).
-1
Let p(v) = -v**2 - 6*v - 2. Suppose 19 + 1 = -4*l. Let t be p(l). Let s(j) = 0*j - t*j + j. Give s(-4).
8
Let v(w) = w**2 - 5*w + 7. Let h be v(4). Let u(x) = x**3 - x**2 - 5*x. Give u(h).
3
Suppose v + v + 4*s = 14, -4 = -2*v + s. Let p(c) = -3 - 2*c**3 - 5*c**2 - 2*c + 0*c**3 + c**v - c**2. Let x = -4 + -2. Determine p(x).
9
Let h(q) = 2*q**3 + 21*q**2 + 11*q + 10. Let r be h(-10). Let i(g) = g**2 - 7. What is i(r)?
-7
Let j = 67 + -43. Let l(c) = 4 - 3 + 26*c**2 - c**3 + c - j*c**2. Let n be (1 + 1/(-3))*3. Determine l(n).
3
Suppose -103*a + 69*a = -170. Let f(t) = t**3 - 4*t**2 - 6*t + 10. Give f(a).
5
Let o(r) = 7*r**2 + 0 - 7*r - 8*r + 17*r + 1. Let y(x) = 15*x**2 + 5*x + 2. Let a(i) = -5*o(i) + 2*y(i). Give a(-1).
-6
Suppose -2*g - 7 = -5*y, -3*y + 6*y - 3*g + 3 = 0. Let l(v) = v**3 + 5 - 3 - v - 2*v**2 + 0*v**2 + y*v. Let m be 55/22*4/5. Determine l(m).
6
Suppose 16 = 4*t - 3*b - 14, 0 = -5*t + 3*b + 36. Let k(n) = -4*n + 14. Determine k(t).
-10
Let n(r) be the second derivative of r**4/12 + r**3/3 + 7*r**2/2 - 2*r. Let h = 4124 + -4130. Calculate n(h).
31
Let n(c) = -22*c + 5*c + 0 - 6 - 2*c**2 + 11*c. Let k(g) = -g**2 + 5*g - 4. Let m be k(5). What is n(m)?
-14
Suppose -13*b = -12*b - 11. Let z(n) = -b + n - 9 + 8. Determine z(10).
-2
Let c(r) = r + 1. Let f(l) = -2*l - 1. Let g(m) = -3*c(m) - 2*f(m). Let u = 4228 - 4235. Give g(u).
-8
Suppose -5*g = -g - 8. Let s(t) = 2*t**g + 4*t + 6*t - 3*t**2 - 9. Suppose 108 = 16*h + 2*h. Calculate s(h).
15
Let t = -50 + 53. Suppose 4*d + 1 - 3 = 2*n, t*d = -4*n + 18. Let j(w) = -2*w + 1. Calculate j(d).
-3
Suppose -10*g + 18 = 2*h - 6*g, 2*h - 2*g = -12. Let r(f) = -3*f**2 + 1. Determine r(h).
-2
Let l(v) = v**2 + 3*v - 158. Let h be l(11). Let n(i) be the third derivative of -i**5/60 - i**4/6 - i**3/6 - 9*i**2. Determine n(h).
-1
Let p(b) = b**2 + 6*b + 2. Let r(x) = -x**3 - 6*x**2 + 4*x + 5. Let h be r(-4). Let i = 38 + h. What is p(i)?
-3
Suppose 0 = -4*z + z + 39. Let g = 721 + -718. Suppose g*f + z = 4. Let w(b) = -b**3 - b**2 + 2*b - 4. Determine w(f).
8
Let b(j) = -4*j**2. Let l be -10 - 4/(-3)*3. Let r be 2/(-3)*l + -4. Suppose r*n + 10 = -f - 3*n, 0 = f + 4*n + 13. Calculate b(f).
-4
Let r(m) = 2*m + 5. Suppose 0*y - 24 = -3*y. Suppose i = -y - 5. Let j(c) = -c**3 - 14*c**2 - 13*c - 6. Let o be j(i). Determine r(o).
-7
Let c(g) = -1 + 32*g**3 + 2*g**2 - 29*g**3 + g**2 + g + 2. Suppose 3*b - 5*w = 98, -4*w + 26 - 6 = 0. Let v = 39 - b. What is c(v)?
-13
Let f(p) = -p**2 + 17*p + 2. Let h be f(17). Suppose v - h*i - 2*i - 9 = 0, 27 = 5*v - 2*i. Let a(o) = 5 + 5 - o - 4 - v. Determine a(-2).
3
Let k(a) = a - 8. Let l be k(6). Let p(w) be the first derivative of -w - 3/2*w**2 - 4/3*w**3 - 3/4*w**4 + 1. Give p(l).
13
Let h(j) = -6*j + 57. Let u be h(9). Let d = -17 + 21. Let m(g) = -d - g**3 + 4*g**2 + 8 - 4 - 4*g. Give m(u).
-3
Let l(f) = -2*f**2 - 7*f + 18. Let p be l(2). Let j(i) = -i**3 - 3*i**2 + 7*i + 6. Determine j(p).
-6
Let s(j) be the first derivative of j**4/4 - 7*j**3/3 - 9*j**2/2 - 79. Determine s(8).
-8
Let q(u) = u - 8. Let r(b) = -b + 2. Let d(k) = 3*k - 7. Let c(m) = 6*d(m) + 17*r(m). Let l(a) = 6*c(a) - 7*q(a). What is l(4)?
4
Let h(v) = -v**2 - 17*v - 10. Let i(n) = -4*n - 26. Let m be i(-2). Calculate h(m).
-28
Let t(m) be the third derivative of -m**6/120 - m**5/20 + m**4/24 - m**3/2 + 2*m**2 + 6. Suppose 2*s + 0*s + 8 = 0. Calculate t(s).
9
Let v(f) be the second derivative of 1/6*f**3 + 3*f**2 + 1/12*f**4 + 0 + 2*f. What is v(0)?
6
Suppose 2*m - 4*z = 8, -2*z + 32 = 5*m - 0*m. Let i be 18/4*4/6. Let b(t) = 2 + i + 0 - 7*t + t**2. Determine b(m).
-1
Let h(p) = 5 + p**3 + p**2 + 0*p**2 + 2. Suppose 4*v - 2*q = 6 + 4, -3*v + 10 = -2*q. What is h(v)?
7
Let q(b) = -2*b - 6. Let h(r) = -9*r + 3. Let k be h(1). Calculate q(k).
6
Let s(h) = -2*h**2 + 9*h - 14. Let k be s(4). Let z(w) = -w**2 - 6*w + 5. Determine z(k).
-35
Let p(r) = r - 11. Let b = 26 - 19. Let m(w) = w**2 - 9*w**3 + 8*w**3 - 1 - 2*w**2 + b*w**3 + 2*w. Let y be m(1). Determine p(y).
-5
Let u(d) be the second derivative of -d**4/12 + 5*d**3/6 - d**2/2 - 90*d. Calculate u(5).
-1
Let d(w) = w**2 - 8*w + 1. Let r(k) = k**2 + k - 13. Let n = 38 + -34. Let l be r(n). What is d(l)?
-6
Let l(k) = -k**2 + 8*k + 3. Let a be l(9). Let g(z) = -2*z**3 - 2*z + 6*z**2 - 10 + 3 + 3*z**3. What is g(a)?
5
Let s be 0/(-3) + 2 + 3. Let i = -15 + 19. Let g(t) = s*t**2 + t**3 + i - 4*t**2 - t**2. Determine g(0).
4
Let w(m) be the first derivative of -m**3/3 + 5*m**2/2 - 5*m - 1. Let t = 50 - 35. Let q = 19 - t. Calculate w(q).
-1
Let x = 67 + -61. Suppose w = -x + 1. Let u(f) = -6*f - 12. Let b(q) = -5*q - 12. Let k(c) = 5*b(c) - 4*u(c). Determine k(w).
-7
Let g(l) be the first derivative of l**3/3 + 2*l**2 - 11*l + 91. Give g(-5).
-6
Let r(u) = -u + 2. Suppose -86*d + 89*d - 9 = 0. Suppose -39 - d = 7*w. Determine r(w).
8
Let f(a) = 0*a + a**2 - 1 - 2*a**2 + 6*a. Let h be f(5). Let m(j) = -2 - h + 1 + j + 4. Give m(1).
0
Let q(r) be the first derivative of 4/3*r**3 - r**2 - 1/4*r**4 + 11 - 2*r. Give q(2).
2
Let t(p) = -61*p + 188. Let s be t(3). Let j(u) = -u**3 + 5*u**2 - 8. Give j(s).
-8
Let l(b) = b**3 + 3*b**2 - 1. Let h be l(-2). Let t(a) = -3 + h*a + 2*a - 7*a. Calculate t(-5).
7
Let i(s) = s - 15. Let z be (5 + -10)*-1 - -4. Give i(z).
-6
Let h(a) = 8*a - 3. Suppose -4*m + 3*j - 3 - 8 = 0, 4*m - 5*j = -5. Let w(b) = -9*b + 4. Let t(g) = m*w(g) - 6*h(g). What is t(-2)?
4
Let n = -16 - -29. Suppose 0*y - 5*r - 17 = -3*y, -3*r + n = 4*y. Let t(x) = -x**2 + 3*x + 3. Give t(y).
-1
Suppose -7*s + 3*s + 33 = 3*w, 2*s + 4*w - 24 = 0. Let n(d) = d**3 - 6*d**2 - 2*d + 8. Determine n(s).
-4
Let h be 7/(28/(-8)) + 2. Suppose g = -h*g + 2. Let r(w) = w + w**3 - 2*w**2 - 2*w - w**g - 2*w**3. What is r(-2)?
-2
Let o(b) = -474 + 951 + b - 12*b - 480. Calculate o(4).
-47
Let i be (-6)/(-9) - (-208)/156. Let b(s) = 2*s**2 + 0 - 4 + 1 + 4*s. What is b(i)?
13
Let o = -642 + 632. Let r(c) = c - 3. Calculate r(o).
-13
Suppose 47*g - 4 = 90. Let t(q) be the second derivative of q**4/12 - q**3/6 + q**2/2 + 2*q. Determine t(g).
3
Let y(r) = -r**3 - r**2 - 1. Let p be y(-2). Let g(t) = -5 - t**3 + 9*t + p*t**2 + 3*t**2 - t. Let s be ((0 - -1) + 6)*1. Determine g(s).
2
Let p(y) = 1. Let a(z) = -3*z + 10. Let x = 10 - 8. Suppose -x*n + 7*n = -2*m - 31, 4 = -3*m + n. Let f(c) = m*p(c) + a(c). Determine f(6).
-11
Let j(m) be the second derivative of -7/6*m**3 - 1/60*m**5 - 1/3*m**4 + 0 + 1/2*m**2 + 3*m. Let x(k) be the first derivative of j(k). Give x(-7).
0
Let m(h) = -17*h + 21. Let w be m(1). Let i(f) be the third derivative of -f**5/60 + f**4/8 - f**3/2 + 4*f**2. Give i(w).
-7
Suppose 41*w - 31*w + 30 = 0. Let l(d) = -2*d - 4. What is l(w)?
2
Let z(h) = h + 1. Let j(o) = 13*o - 123. Let d be j(9). Calculate z(d).
-5
Let a(s) be the third derivative of -1/360*s**6 + 0*s - 1/6*s**4 + 0 + 1/2*s**3 + 1/24*s**5 + 5*s**2. Let t(m) be the first derivative of a(m). Determine t(4).
0
Let p(u) = -6*u**2 + 2*u - 12. Let l(w) = 3*w**2 - w + 5. Let j(q) = -5*l(q) - 2*p(q). Determine j(1).
-3
Let a = -1438 + 1434. Let h(c) = c**3 + 2*c**2 - 6*c - 4. Give h(a).
-12
Let z(g) = -g**2 + g + 14. Let j(s) = 11*s - 34. Let m be j(4). Suppose 3*v = 5*w - 25, 3*v + w + w = m. What is z(v)?
14
Let m = 9 + -5. Let n(q) = 7 + 0*q - 4*q - 11 + 0 + 0*q. Give n(m).
-20
Let v(t) be the second derivative of 0*t**2 - 1/360*t**6 + 0*t**3